9
List the prime factors of 61171.
11, 67, 83
What are the prime factors of 3298704?
2, 3, 19, 3617
What are the prime factors of 2074979?
29, 71551
What are the prime factors of 1261658?
2, 293, 2153
What are the prime factors of 93773?
79, 1187
What are the prime factors of 94363?
197, 479
What are the prime factors of 11750405?
5, 2350081
What are the prime factors of 15946322?
2, 7, 53, 21491
What are the prime factors of 16360270?
2, 5, 271, 6037
List the prime factors of 75266.
2, 37633
List the prime factors of 1009210.
2, 5, 43, 2347
What are the prime factors of 35710?
2, 5, 3571
List the prime factors of 614775.
3, 5, 7, 1171
What are the prime factors of 240887?
139, 1733
List the prime factors of 4827263.
7, 23, 29983
What are the prime factors of 2089781?
2089781
What are the prime factors of 15742600?
2, 5, 78713
List the prime factors of 2057691.
3, 631, 1087
List the prime factors of 2248024.
2, 79, 3557
What are the prime factors of 207810?
2, 3, 5, 2309
List the prime factors of 2390478.
2, 3, 239, 1667
List the prime factors of 505175.
5, 11, 167
What are the prime factors of 15028640?
2, 5, 11, 8539
List the prime factors of 407282.
2, 203641
What are the prime factors of 16541086?
2, 47, 149, 1181
What are the prime factors of 620827?
620827
List the prime factors of 490112.
2, 7, 547
List the prime factors of 181800.
2, 3, 5, 101
What are the prime factors of 760008?
2, 3, 31667
List the prime factors of 5785330.
2, 5, 578533
List the prime factors of 439726.
2, 7, 641
List the prime factors of 209052.
2, 3, 5807
List the prime factors of 861919.
227, 3797
What are the prime factors of 5030941?
73, 68917
List the prime factors of 4778558.
2, 2389279
List the prime factors of 1971380.
2, 5, 241, 409
List the prime factors of 7064523.
3, 19, 47, 293
What are the prime factors of 11203492?
2, 2800873
What are the prime factors of 261354?
2, 3, 43, 1013
What are the prime factors of 542544?
2, 3, 89, 127
What are the prime factors of 191135?
5, 7, 43, 127
What are the prime factors of 4336013?
11, 401, 983
List the prime factors of 10955020.
2, 5, 19, 127, 227
List the prime factors of 10252861.
239, 42899
List the prime factors of 8801800.
2, 5, 7, 6287
List the prime factors of 441460.
2, 5, 22073
What are the prime factors of 18483873?
3, 2293, 2687
List the prime factors of 1142472.
2, 3, 181, 263
List the prime factors of 447970.
2, 5, 44797
List the prime factors of 4930275.
3, 5, 7, 9391
What are the prime factors of 18875877?
3, 6291959
What are the prime factors of 532817?
19, 29, 967
List the prime factors of 363622.
2, 7, 19, 1367
List the prime factors of 13211528.
2, 11, 150131
List the prime factors of 28808002.
2, 2273, 6337
List the prime factors of 555030.
2, 3, 5, 7, 881
List the prime factors of 802748.
2, 101, 1987
List the prime factors of 4301195.
5, 860239
List the prime factors of 10738911.
3, 181, 19777
What are the prime factors of 1524172?
2, 13, 29311
List the prime factors of 187672.
2, 23459
List the prime factors of 4485494.
2, 13, 172519
List the prime factors of 393139.
23, 17093
What are the prime factors of 4754600?
2, 5, 23773
What are the prime factors of 2345651?
7, 11, 41, 743
List the prime factors of 98344.
2, 19, 647
What are the prime factors of 2506898?
2, 19, 37, 1783
What are the prime factors of 609370?
2, 5, 60937
What are the prime factors of 15308?
2, 43, 89
What are the prime factors of 4846443?
3, 7, 32969
List the prime factors of 582952.
2, 72869
List the prime factors of 178408.
2, 29, 769
What are the prime factors of 42395?
5, 61, 139
List the prime factors of 110692.
2, 27673
List the prime factors of 368035.
5, 73607
List the prime factors of 26772118.
2, 13386059
List the prime factors of 2525128.
2, 439, 719
List the prime factors of 5989432.
2, 107, 6997
What are the prime factors of 166192?
2, 13, 17, 47
What are the prime factors of 8608284?
2, 3, 239119
What are the prime factors of 19256594?
2, 7, 109, 12619
List the prime factors of 541835.
5, 7, 113, 137
What are the prime factors of 1174559?
31, 37889
What are the prime factors of 517034?
2, 7, 36931
List the prime factors of 2030422.
2, 73, 13907
List the prime factors of 204658.
2, 102329
List the prime factors of 571123.
7, 83, 983
What are the prime factors of 310538?
2, 155269
What are the prime factors of 14248756?
2, 67, 79, 673
What are the prime factors of 5858188?
2, 7, 209221
What are the prime factors of 402957?
3, 44773
What are the prime factors of 10043173?
7, 349, 4111
What are the prime factors of 562337?
562337
What are the prime factors of 7124190?
2, 3, 5, 17, 61, 229
What are the prime factors of 169216?
2, 661
What are the prime factors of 608414?
2, 61, 4987
List the prime factors of 2967131.
2967131
List the prime factors of 4911305.
5, 7, 23, 6101
List the prime factors of 2451698.
2, 1225849
List the prime factors of 1017432.
2, 3, 13, 1087
What are the prime factors of 399988?
2, 19, 277
List the prime factors of 44665.
5, 8933
List the prime factors of 471261.
3, 7, 22441
What are the prime factors of 640179?
3, 83, 857
List the prime factors of 474183.
3, 19, 47, 59
List the prime factors of 33828691.
13, 17, 153071
What are the prime factors of 761025?
3, 5, 73, 139
What are the prime factors of 967699?
967699
What are the prime factors of 37458?
2, 3, 2081
List the prime factors of 2125993.
2125993
List the prime factors of 2297837.
257, 8941
What are the prime factors of 8930443?
1759, 5077
What are the prime factors of 3942798?
2, 3, 23, 28571
List the prime factors of 574599.
3, 191533
List the prime factors of 6449875.
5, 51599
List the prime factors of 2567368.
2, 61, 5261
List the prime factors of 1379820.
2, 3, 5, 13, 29, 61
What are the prime factors of 185146?
2, 13, 7121
What are the prime factors of 816537?
3, 272179
List the prime factors of 22295822.
2, 11147911
What are the prime factors of 1232392?
2, 7, 59, 373
List the prime factors of 12717621.
3, 7, 67289
What are the prime factors of 702681?
3, 7, 33461
What are the prime factors of 123013?
11, 53, 211
List the prime factors of 13306144.
2, 23, 101, 179
What are the prime factors of 2169970?
2, 5, 11, 19727
List the prime factors of 9329428.
2, 223, 10459
What are the prime factors of 1040582?
2, 520291
List the prime factors of 5114852.
2, 1278713
What are the prime factors of 338319?
3, 37591
What are the prime factors of 145843?
17, 23, 373
What are the prime factors of 257519?
257519
What are the prime factors of 1514305?
5, 13, 23297
List the prime factors of 19080.
2, 3, 5, 53
What are the prime factors of 1765108?
2, 137, 3221
What are the prime factors of 212029?
212029
What are the prime factors of 3153296?
2, 17, 11593
What are the prime factors of 178039?
178039
List the prime factors of 2009555.
5, 29, 13859
What are the prime factors of 1889198?
2, 41, 23039
What are the prime factors of 551469?
3, 183823
What are the prime factors of 12177344?
2, 190271
What are the prime factors of 23266272?
2, 3, 242357
What are the prime factors of 227529?
3, 53
List the prime factors of 1142699.
811, 1409
List the prime factors of 1690313.
1690313
What are the prime factors of 3882929?
23, 79, 2137
List the prime factors of 419730.
2, 3, 5, 17, 823
What are the prime factors of 13719413?
401, 34213
What are the prime factors of 256337?
256337
List the prime factors of 739875.
3, 5, 1973
List the prime factors of 772060.
2, 5, 38603
List the prime factors of 683561.
523, 1307
What are the prime factors of 29727?
3, 367
What are the prime factors of 721980?
2, 3, 5, 7, 191
What are the prime factors of 16322724?
2, 3, 11, 47, 877
List the prime factors of 225303.
3, 13, 53, 109
What are the prime factors of 9349395?
3, 5, 11, 56663
What are the prime factors of 5555382?
2, 3, 7, 349, 379
What are the prime factors of 3707980?
2, 5, 397, 467
List the prime factors of 256638.
2, 3, 42773
List the prime factors of 3734068.
2, 13, 71809
List the prime factors of 465139.
19, 24481
List the prime factors of 13852.
2, 3463
List the prime factors of 29814459.
3, 9938153
List the prime factors of 213296.
2, 13331
List the prime factors of 76130.
2, 5, 23, 331
List the prime factors of 1000195.
5, 7, 17, 41
List t